osite?
False
Let t(d) = 473*d + 39. Let k = 296 + -292. Is t(k) a composite number?
False
Suppose m - 2*w = 40, 2*m + w + 0*w = 60. Suppose -4*z - 3*u - m = 0, z + 17 = 3*u - 6*u. Is 1/(z/(-8210)) - 3 composite?
True
Suppose -7*u - 25 = -12*u. Suppose 3*c = s + 11077, -u*s + 3*s - 3699 = -c. Is c prime?
True
Is ((-49)/245)/(1/(-14995)*1) a composite number?
False
Is 1/7 - ((-9)/(504/393224) - -9) prime?
True
Let p(j) = 237*j + 68707. Is p(0) a composite number?
True
Let l be 1*(-1 + 380)*5/5. Suppose 0 = 12*b - 11*b + 4*i - l, 0 = i - 2. Is b a prime number?
False
Let d be (-5)/(0/(-2) + (-12)/24). Suppose -5*s - 4775 = -d*s. Is s prime?
False
Suppose -20*j + 681559 = 3*j. Suppose 28631 + j = 8*v. Is v prime?
True
Let w(h) = -2*h**2 - 11*h + 25. Let c be w(-7). Let a be (-1 + 2801/(-4))/((-1)/c). Suppose -5*n = o - 4*n - a, 3*o - 3*n = 8427. Is o a composite number?
True
Let k = 90816 + -39773. Is k prime?
True
Suppose -2*b + 2 = -0, -5*b = -2*k + 1181. Let a = 52 + -45. Suppose 6*n - a*n = -k. Is n a composite number?
False
Is 8620502/1112 - 3/(-4) prime?
True
Let c be 12/5 + (-32)/80. Suppose 2*i - c*d - 4666 = -5*d, 4*d = 5*i - 11665. Suppose -5*l - 4*m + 2343 = -0*l, -m = -5*l + i. Is l a composite number?
False
Let c(s) = s**3 + 3*s**2 - s + 7. Let i = 25 - 28. Let g be c(i). Suppose 12*f = g*f + 1486. Is f a prime number?
True
Let h(f) = 12*f**2 - 4*f**2 - f - 10*f**2 + 1079 + 782. Is h(0) a prime number?
True
Let z(t) = 5*t**3 + 2*t**2 + 2*t. Let c = -42 - -45. Suppose 4*u - 5*r = -1 + c, 7 = -u + 5*r. Is z(u) a composite number?
True
Suppose -49*m + 4865062 = -2086029. Is m a prime number?
False
Suppose 0*f = 12*f + 7*f - 15785713. Is f composite?
False
Let o(r) = 1824*r**3 - 11*r**2 + 20*r + 3. Is o(2) composite?
False
Let h(j) = 776*j**2 - j - 2377. Is h(42) a prime number?
False
Suppose 16*b = -19 + 147. Suppose 7*a - 3*a - b = 0. Is -21*388/(-24)*a composite?
True
Suppose 21096*d - 21111*d + 724155 = 0. Is d prime?
False
Let t(c) = 1184*c**2 + 18*c - 3. Is t(6) a composite number?
True
Suppose 3*j = -18, 16*j - 52933 = -5*y + 14*j. Is y composite?
False
Let r = 942 + -1852. Is (r/70)/(1/(-347)) a composite number?
True
Let n = 42688 - 829. Suppose 30*x - n = 7851. Is x prime?
True
Let h be (-2 - -1)/(5/(-2) + 2). Let g(t) = 1481*t**2 + 7*t - 15. Is g(h) a prime number?
True
Suppose 0 = 5*j - j + 20, -185117 = -2*p + 3*j. Is p a composite number?
False
Is 10/25 - 6717336/(-60) - 7 prime?
True
Let s = -153 + 144. Is (s/(-6))/(3*(-8)/(-73936)) prime?
True
Let d(a) = -a**3 - 2*a**2 + 24*a - 27. Let q be d(18). Let g = -2030 - q. Is g prime?
False
Let u(h) = 215*h**2 - 52*h + 527. Is u(14) a composite number?
True
Let d be 228/8 + 9/(-6). Suppose -45 = -9*x + d. Suppose 4*j = -3*f + 6557, 0 = -5*j + 6*f - x*f + 8205. Is j a composite number?
True
Suppose -159*i - 3306 = -156*i. Let r = 4405 - 2414. Let s = i + r. Is s a prime number?
False
Suppose 2*m + 2*y + 35109 = 126419, 5*m - 5*y = 228315. Is m a composite number?
False
Let y(u) = -29*u**3 + 44*u**2 + 106*u - 505. Is y(-28) a prime number?
True
Let o(z) = -7*z - 36. Let m be o(-5). Let j be ((-45)/18)/(1*m/2). Suppose 4888 = 4*h + j*q, -3*h + 6*h - 3639 = 3*q. Is h prime?
True
Let y be (-41 + 36)*(-18028)/(-10). Let p = 77 - y. Is p a prime number?
True
Suppose -27*j = 4524017 + 2180569. Is (-8)/44 - j/22 a prime number?
True
Let u = 59674 + -16079. Is u composite?
True
Let q(c) = -c**3 - 12 + 3 - 30*c**2 + 78*c**2 - 43*c**2. Let s be q(4). Suppose 0 = l - 8*x + s*x - 343, 4*x - 1404 = -4*l. Is l prime?
True
Let g = -762 - -783. Let i(q) be the first derivative of 2*q**2 + 13*q - 3. Is i(g) a composite number?
False
Suppose -4*u = -931*w + 935*w - 311364, 389229 = 5*w + 2*u. Is w composite?
False
Let i(l) = 90*l**2 - 39*l - 139. Let a be i(50). Suppose -11*u = -25832 - a. Is u prime?
True
Let x(w) = 0*w + 6*w - 7 + 17*w**2 + w. Let r = 934 + -930. Is x(r) composite?
False
Let v = -164233 + 1204522. Is v a composite number?
True
Let w = -1298 + 2175. Suppose 16*i = 15*i + w. Is i prime?
True
Suppose 3*i + l - 22711 = 27754, -84135 = -5*i + 5*l. Is i a prime number?
True
Let s be (-1 - -5 - 1)/(0 + 1). Suppose -s*x - x - 8 = 0, -5*x + 46 = 4*l. Is (-126664)/(-72) - (1 + l/(-18)) a composite number?
False
Let v = 2901 + 1277. Is v - (2 + -4 + -3) a composite number?
True
Suppose 0 = -n - 3*n + 3*n. Let b(h) = 7 + h - 7*h - 4*h + n. Is b(-8) a composite number?
True
Let j = 1168761 - 590162. Is j composite?
True
Let o be (26 + -9)/((-6)/(-2316)). Let b = -3891 + o. Is b composite?
False
Suppose -3*w = -7*n - 548852, -36*w + n = -35*w - 182952. Is w a prime number?
True
Let v(r) = -189*r**3 - 7*r**2 + r - 7. Is v(-6) a prime number?
True
Let y(a) = 4*a**2 + 37*a - 47. Let g(o) = -5*o**2 - 37*o + 47. Let z(i) = -3*g(i) - 4*y(i). Is z(-28) a prime number?
False
Suppose 106*k + 1842819 = 139*k. Is k a composite number?
False
Let p be 5*(-4)/(-2)*(-4)/8. Let l(j) = 2*j**3 + 10*j**2 + 18*j - 8. Let r be l(p). Is 56/r + 13966/14 composite?
False
Suppose -78*r + 60359174 = 68*r. Is r prime?
False
Suppose 2903*l - 2894*l = -279. Let k = -927 + 525. Let w = l - k. Is w prime?
False
Let w = 5589 - -1534. Is w composite?
True
Suppose -5*y + 3*s + 3687826 - 142770 = 0, 2*y - s - 1418021 = 0. Is y a composite number?
True
Is (2/8)/((-499)/(-3361601324)) composite?
False
Let v(n) = -n**2 + 33*n + 70. Let z be v(35). Suppose u + x - 8324 = z, -11*u + 2*x = -6*u - 41599. Is u composite?
True
Let d(s) = -7*s - 37. Let j(m) = 10*m + 55. Let k(z) = -7*d(z) - 5*j(z). Let h be k(-14). Is 5/(-10) - h/(12/6249) composite?
True
Let x be 5/3 + -2 - 842/(-6). Suppose x = 3*s + 4*s. Is s/50 - (-2043)/5 a prime number?
True
Suppose -11999 + 119033 = 3*o - 5*l, 0 = -2*o - 3*l + 71375. Is o a prime number?
False
Let l = 22816 + -14315. Is l prime?
True
Let r(f) = -2*f**3 + 50*f**2 - 33*f + 28. Let w(q) = -2*q**3 - 7*q**2 + 7*q - 19. Let u be w(-5). Is r(u) a prime number?
False
Let v(r) = 6 - 7 + 7 - 285*r - 1. Is v(-4) a prime number?
False
Let m(p) = 44*p**2 + 4*p - 65. Is m(32) composite?
False
Let f = 567370 + -222891. Is f a composite number?
False
Suppose 0 = 3*i + 4*d, -2*d - 14 = -6*i + 4*i. Is (1 - i)*(-8)/(96/2708) composite?
False
Let m(p) = 492*p - 59. Let t be m(10). Suppose 17*y - t = 16*y. Is y composite?
False
Let o(u) = 176*u**3 + 7*u**2 + 15*u + 71. Is o(10) prime?
True
Let x(k) = 4*k**3 + 9*k**2 - 69*k - 197. Let t be x(-3). Let g(l) be the first derivative of -53*l**2/2 - 24*l + 1. Is g(t) prime?
True
Is (25/(-9) + (-58)/261)*(-5452641)/27 composite?
False
Let q = -93 + -58. Let j = 226 - q. Is j prime?
False
Suppose -s + 10*z = 8*z - 38537, 0 = 4*s - 9*z - 154145. Is s a prime number?
True
Let i = -179108 - -592291. Is i a composite number?
False
Suppose -12*v = -q - 1337745, -4*v + 45*q - 42*q = -445907. Is v prime?
False
Let z(v) = 27*v**3 - 17*v**2 + 34. Let r(w) = 14*w**3 - 9*w**2 + 17. Let d(x) = 7*r(x) - 4*z(x). Is d(-6) prime?
False
Let n(r) = -r**3 - 4*r**2 + 33*r + 11. Let w be n(-8). Suppose 0 = w*v - 3*l - 5706, -2*v + l - 4*l = -3829. Is v composite?
False
Let k(a) = -a**3 - 14*a**2 + 14*a - 23. Let x be k(-15). Let w be (-12)/(x/(-2)) + 7*1. Suppose 3*i - 361 = 4*b, b = -4*i + w*b + 493. Is i a prime number?
True
Let s(d) be the first derivative of 7*d**3 + 21*d**2/2 + 71*d - 136. Is s(-4) a prime number?
False
Suppose 2*f + 28 = 36, -3*c + 4*f = -566765. Is c a composite number?
False
Let x = 1235 - 2208. Is (-1*2)/((-14)/x)*-13 composite?
True
Let w = 1084094 + -561711. Is w a composite number?
False
Let m = -3 - -547. Let u = 1115 + m. Suppose 23*t = 26*t - u. Is t prime?
False
Is ((-614179084)/(-415))/(4/5) prime?
False
Let p be (66/24 + -2)/((-2)/16). Is ((-764)/(-6))/(p/(-18)) a composite number?
True
Let h(q) = 46*q**2 + 22*q - 24. Let i be h(-19). Suppose -5*c - 10 = 0, -l - 4*c = 3*l - i. Is l prime?
False
Let v(q) = 5*q**2 + 20111. Let c be v(0). Let j = c - 14074. Is j composite?
False
Is (-7 - -18) + -10 - (-957232)/2 prime?
False
Suppose -3*r + 16 = -4*s + 189, -4*s + 5*r + 163 = 0. Suppose s*m + 1561 = 54*m. Is m prime?
True
Let g(r) = 2*r**3 - 9*r**2 - 3*r - 3. Let x = 29 - 24. Let i be g(x). Suppose i*u = -0*u + 5509. Is u a prime number?
True
Let z(f) be the th